b - b - 1570*b**2 + 2*b + 3153*b**2 - 1584*b**2. Suppose t - q - 8 = 0, -6*t + 7 = -2*t + q. What is i(t)?
-6
Let a = 22280 + -22269. Let c(s) = -15*s + 162. Give c(a).
-3
Suppose 0 = -4*s + 257 - 49. Suppose 10*v = 23*v - s. Suppose -4*j - 2 = 5*m - 12, -j = v*m + 3. Let w(i) = 6*i**2 + 2*i - 1. What is w(m)?
19
Let a = -2713 - -2715. Let m(b) = 5*b**2 + 2*b - 2. Let i(r) = 4*r**2 + 2*r - 2. Let g(c) = 6*i(c) - 5*m(c). Calculate g(a).
-2
Let g(t) = 3*t**3 - 38*t**2 - 17*t + 42. Let r = -5835 - -5848. Determine g(r).
-10
Let d(i) = 8*i**2 + 4*i + 1. Let j(n) = -4*n**2 + 71*n - 283. Let s be j(6). Determine d(s).
5
Let l(q) = 21*q**2 - 16*q - 56. Let j(x) = -4*x**2 + 2*x + 11. Let g(z) = 11*j(z) + 2*l(z). What is g(-7)?
-19
Let h(b) = 228*b - 2421. Let s(d) = -76*d + 800. Let c(o) = 2*h(o) + 7*s(o). Calculate c(10).
-2
Suppose -4365*j - 4 + 6 = -4367*j. Let y(r) = 5*r**2 - 2*r - 3. What is y(j)?
4
Let t(s) = -s - 6. Suppose 26 + 10 = -51*j - 15. What is t(j)?
-5
Let a(z) be the first derivative of 3*z**2 - 18*z - 545. Give a(3).
0
Let x(j) = -2*j + 84. Let k be 567/36 + 14 + ((-18)/(-8) - 2). Give x(k).
24
Let a(s) = s**2 + 8. Suppose 12 = 3*u, 22*u - 20*u - 8 = -2*g. Suppose f = -2*t + 2, -2*f - 5*t + 6 = -0*t. Let w be f/(-4)*(-2)/3*g. Determine a(w).
8
Let x(w) = -3*w - 2. Suppose 621 = 4578*j - 4546*j + 141. What is x(j)?
-47
Let d(n) = -n**2 + 6*n - 6. Let q be 0 + (-22)/(-2)*36. Let s = q - 390. Calculate d(s).
-6
Let j(z) = z**3 + 21*z**2 + 20*z + 13. Let g be (-15*8/21)/((-14)/(-49)). Calculate j(g).
13
Let f(x) be the second derivative of -x**4/4 + x**3/6 + 7*x**2/2 + 35*x. Let w be f(0). Let t(m) = -m**3 + 7*m**2 - 2*m + 4. What is t(w)?
-10
Let c(g) = g - 3. Let l be ((-90)/24)/(12/32). Let r = l - -10. Suppose 2*v + 3*v = r. Calculate c(v).
-3
Let v(f) be the second derivative of f**5/20 - 5*f**4/12 - 11*f**3/6 + 5*f**2 + 6563*f. Calculate v(6).
-20
Let p = -15958 - -15974. Let y(r) = -r**3 + 16*r**2 - r - 17. What is y(p)?
-33
Let o = 7898 - 7889. Let v(z) = -z**2 + 6*z + 14. Calculate v(o).
-13
Suppose 3*z - 1 = -2*g + 10, -27 = -4*g - z. Suppose -2*f + 3 + g = 0. Let j(a) = a**3 - 5*a**2 + 4*a - 4. Give j(f).
16
Let m(c) = -c + 221 + c + 6*c - 176. Determine m(-10).
-15
Let z(v) = -45*v**2 + 4*v - 9. Let d(w) = 38*w**2 - 4*w + 7. Let u(p) = -6*d(p) - 5*z(p). Give u(-1).
-4
Let q(l) = 5*l**2 - 3*l - 3*l + 0*l + 4*l**2 + 3560 - 3538. Let w(d) = -2*d**2 - 2. Let k(a) = q(a) + 5*w(a). Calculate k(-8).
-4
Let s(j) = j**2 + 7*j - 7. Let f(y) be the first derivative of -2*y - 169. Let z(t) = -3*f(t) + s(t). Determine z(-6).
-7
Let f be (-1 - -10) + ((-15)/(-9))/((-235)/987). Let l(q) = 13*q**2 + 4*q + 1. Give l(f).
61
Let h(b) = 2*b**2 + 8*b + 15. Let c(s) = -s**2 + 78*s - 155. Let p be c(2). Determine h(p).
9
Suppose 45 - 33 = 3*i, -3*s + 4*i + 47 = 0. Let x(n) = -13*n**2 + s*n**2 - 4*n + 0*n - 9*n**2 + 2*n. Let m = 2 - 5. Determine x(m).
-3
Let y(g) = -g**3 - 5*g**2 + 5. Suppose -3*t + 6*t - 6 = 0. Suppose 30 - 36 = t*i. Let s be ((-18)/i)/(12/(-8)). Determine y(s).
-11
Let n(c) = 18*c + 10*c**2 - c**2 + 2*c + 21*c - 29*c + c**3 - 1. Calculate n(-7).
13
Suppose -3*c - 3*b = 33, 225*c = 220*c - b - 51. Let d(k) = 4*k - 21. Let u(q) = 5*q - 22. Let t(x) = 7*d(x) - 6*u(x). What is t(c)?
5
Let t(n) = -n - 1. Let o be t(-5). Let c(a) be the first derivative of a**4/4 - a**3 - 2*a**2 - 3*a + 8603. Calculate c(o).
-3
Let h be (24/14)/(17/119). Let a(s) = -s**2 + 14*s - 6. Let d be a(12). Let j = h - d. Let t(f) = -f - 6. Give t(j).
0
Let c = -41 - -45. Let k be c + -2 - (-7 + 1). Let y(l) = -l**3 + 8*l**2 - l - 5. Calculate y(k).
-13
Let w(v) = 104 + 1094343*v**2 - 547174*v**2 + 9*v - 547170*v**2. What is w(16)?
-8
Let s = 44 + -42. Let i(p) = 4*p**s - 5*p**2 + 3 + p - 1 + p**3 + 0*p**3. Let t be i(2). Let d(f) = f**2 - 8*f - 3. Determine d(t).
-3
Let s(i) = -7*i**3 - 33*i**2 - 20*i + 10. Let r(b) = -3*b**3 - 16*b**2 - 8*b + 5. Let w(l) = -5*r(l) + 2*s(l). Let n be (3 - 6)*14/3. Calculate w(n).
-5
Let u(d) = d - 6. Let l be u(8). Let g(q) be the second derivative of 8*q**3/3 + q**2 - q + 3316. Determine g(l).
34
Suppose 3*j = -9 - 3. Suppose u - 1 = 0, 5*b - 4*b + 2*u = 10. Let p(d) = 136*d**2 - 4*d**3 - 1 - 3*d**3 - 132*d**2 - d + b*d**3. Determine p(j).
3
Let g(c) be the third derivative of -c**5/60 + 31*c**4/24 + 12*c**3 + 1051*c**2. Calculate g(33).
6
Let n = -643 + 644. Let h(x) = -24*x. Determine h(n).
-24
Let o(z) = 40*z**2 - 19*z + 11. Let k(s) = -2*s - 81. Let t be k(-42). Let f(m) = 14*m**2 - 7*m + 4. Let w(b) = t*o(b) - 8*f(b). Calculate w(1).
8
Let n(w) = 8*w**2 + 98*w + 299. Let a be n(-6). Let i = 5 - 2. Let m(k) = 8*k**i - k**2 - k + k**2 - 1 + k**2. Determine m(a).
-7
Let x(u) = 108*u - 37*u - 36*u + 0 - 38*u - 12. Let y = -27 + 17. Determine x(y).
18
Let h be 2 - (-68 - 4)/3. Suppose 2*x = x + 4*r + h, -3*x = 2*r - 8. Let i(t) be the second derivative of -t**4/12 + t**3/2 - 7*t**2/2 + 195*t. Determine i(x).
-25
Let p(y) = -20*y**2 + 18*y + 57. Let g(z) = -46*z**2 + 42*z + 132. Let o(m) = -7*g(m) + 16*p(m). Give o(-3).
24
Let h(k) = 1 + 5 - 28*k + 1 - 8 + 2. Calculate h(1).
-27
Let l(s) = 1633*s - 414*s - 4 - 405*s - 404*s - 411*s. Let v(w) = w**3 + 2*w**2 - 2*w. Let z be v(-3). Give l(z).
-1
Let w(z) = 7*z**2 + 17*z - 7. Suppose 0 = -466*b - 639 - 759. Give w(b).
5
Suppose 0 = 6*m - 295 + 283. Suppose q - 2*v + 1 = -0*q, 0 = m*q + 2*v - 4. Let h(w) be the second derivative of w**5/10 + w**4/12 - 2*w. Determine h(q).
3
Suppose 3*w = -2*i + 7, -16*i + 17*i = -5*w + 21. Let f(s) = 2*s**3 + 4*s**2 - 4*s - 6. Give f(i).
-54
Let l(v) = -3*v + 201. Let g(u) = 5*u - 294. Let q(k) = 5*g(k) + 7*l(k). Give q(14).
-7
Let z(c) = c**2 + 11*c + 2. Let u = 737 - 733. Suppose -f - 3*x = 2 - u, 0 = 2*f - 4*x + 36. Give z(f).
-8
Let v(r) = r**2 - 3*r - 1. Suppose 0 = i - 21*i + 1400. Suppose 24*s = -11*s - i. Determine v(s).
9
Let m(q) = -2*q**3 + q**2 - 2*q - 1. Let b(k) = -7*k**3 + 3*k**2 - 4*k + 1. Let o(l) = -b(l) + 3*m(l). What is o(-3)?
-25
Let i(x) = -11*x**2 - 2*x - 8. Let g be 12/(-2)*(20 + -14)/18. Calculate i(g).
-48
Let q(t) = t + 2. Let h(z) = -z - 19. Let w be (-12)/(-14)*(-133)/(-57). Let a(m) = w*q(m) + h(m). Give a(10).
-5
Suppose 39*z + 61 = 256. Let a be -30*(10/z)/4. Let v(o) = o**2 + 16*o + 10. Calculate v(a).
-5
Let b(n) = n**3 + 6*n**2 + 3*n + 18. Let t(g) = 11*g - 303. Let v be t(27). Determine b(v).
0
Suppose 8*i = 2*t + 3*i + 12, 5*t = -i + 51. Let w(d) = -d**2 + 9*d - 3. Determine w(t).
-3
Let n(i) = -i**3 + 5*i**2 - 8*i + 12. Let m be n(4). Let q be (m/8)/((-2)/20). Let w(t) = -t**3 + 6*t**2 - t - 4. Determine w(q).
16
Let w(x) = -x + 5. Let r(v) = -2*v**2 + 6*v. Let c(z) = -2*z - 17. Let m be c(-10). Let f be r(m). Let o(j) = 2*j. Let h be o(f). Give w(h).
5
Let x(z) = -z**3 - 2*z**2 - z - 1. Let m = -41 - -209. Suppose -38 - m = 2*c + 3*a, 4*c - 2*a = -380. Let b = 95 + c. Calculate x(b).
1
Let k be (-1 - (-3 - 0))/(2/147). Let i be (-5)/200*-5 + k/(-24). Let j(q) = 8*q + 83 + q**2 - 33 - 45. What is j(i)?
-7
Let c(o) = o - 1. Let s(b) = -3*b + 7. Let p(n) = 2*c(n) + s(n). Suppose -q = 5*v - 31, -3*q + 4 = -5*v + 11. Calculate p(q).
-1
Let k be (0 - -31) + 21 + -13. Suppose -1 + 0 = 3*r - 4*s, -k = 2*r + 5*s. Let c(y) = y**3 + 6*y**2 - 7*y - 1. Determine c(r).
-1
Let p(q) = -q**3 - 19*q**2 - 34*q. Let y = 15 - 32. Let d be p(y). Let s(k) = 2 + d + 8*k + 0 + 0. Determine s(-3).
-22
Let u(w) be the first derivative of w**4/12 - 7*w**3/6 - 20*w**2 - 9. Let a(m) be the second derivative of u(m). What is a(-5)?
-17
Let k(o) = -o**2 - 9*o - 20. Suppose 2*q + 7*a = 6*a - 8, -5*a = -3*q + 1. Give k(q).
-2
Let i(c) be the second derivative of -7/12*c**4 - c**2 + 2/3*c**3 - 27*c - 2. Determine i(2).
-22
Let l(q) = -4*q**2 + 24*q - 7. Let c be (1 - 0)*238/35 + 48/(-60). Calculate l(c).
-7
Let c(j) be the second derivative of j**5/20 - 4*j**4/3 - 5*j**3/2 - 17*j**2/2 - 2*j + 231. Determine c(17).
17
Let f(k) be the third derivative of -k**5/60 - 3*k**4/8 + 19*k**3/3 - 9*k**2 - 6*k - 1. Determine f(-13).
-14
Let h(r) be the second derivative of 1/10*r**5 - 1/12*r**4 + 0*r**3 - r**2 + 1 + 56*r. Calculate h(2).
10
Let h be (3/(-18)*-4)/((-6)/(-27)). Let b(f) be the first derivative of 7*f**2/2 - 4*f + 224. Give b(h).
17
Let